{"id":21,"date":"2020-01-15T09:09:02","date_gmt":"2020-01-15T08:09:02","guid":{"rendered":"https:\/\/alba-nova.be\/?page_id=21"},"modified":"2023-10-30T21:08:45","modified_gmt":"2023-10-30T20:08:45","slug":"c-v-directrice","status":"publish","type":"page","link":"https:\/\/alba-nova.be\/index.php\/page-d-exemple\/c-v-directrice\/","title":{"rendered":"Le parcours de la directrice"},"content":{"rendered":"<div class=\"wp-block-image\">\n<figure class=\"alignleft size-large\"><img loading=\"lazy\" decoding=\"async\" width=\"170\" height=\"255\" src=\"https:\/\/alba-nova.be\/wp-content\/uploads\/2020\/01\/Els-Crommen.jpg\" alt=\"\" class=\"wp-image-44\"\/><\/figure><\/div>\n\n\n<h3 class=\"wp-block-heading\" id=\"h.p_ID_32\">Els Crommen, soprano<\/h3>\n\n\n\n<p>Els Crommen na\u00eet \u00e0 Tongres et grandit dans le village de Hoeselt. Apr\u00e8s ses humanit\u00e9s, elle \u00e9tudie au Conservatoire Royal de Musique de Li\u00e8ge aupr\u00e8s de Edith Cuypers, Raymonde Serverius, Greta de Reyghere et Jos\u00e9 Van Dam. Elle y obtient les dipl\u00f4mes de chant op\u00e9ra, chant m\u00e9lodie, solf\u00e8ge et musique de chambre.<\/p>\n\n\n\n<p>Elle poursuit ensuite sa formation en suivant des masterclasses avec Noel Barker, Marl\u00e8ne Malas et Mikael Eliasen. Plusieurs stages, entre autres au sein de la fondation Royaumont (France) et au Centre Europ\u00e9en pour l\u2019Opera et l\u2019art vocal (ECOV) compl\u00e8tent son parcours formatif.<\/p>\n\n\n\n<p>Els Crommen d\u00e9fend avec bonheur tous les styles musicaux et collabore avec diff\u00e9rents ensembles :<\/p>\n\n\n\n<p>En musique contemporaine :<\/p>\n\n\n\n<ul class=\"wp-block-list\">\n<li>L\u2019ensemble Nahandove ;<\/li>\n\n\n\n<li>L\u2019ensemble Oxalys ;<\/li>\n\n\n\n<li>Het Goeyvaerts-ensemble (Aquarius) dirig\u00e9 par Marc Michael De Smet ;<\/li>\n\n\n\n<li>L\u2019ensemble 88 (Hollande) dirig\u00e9 par Paul Pankert ;<\/li>\n\n\n\n<li>L\u2019ensemble Quartz.<\/li>\n<\/ul>\n\n\n\n<p>En musique baroque :<\/p>\n\n\n\n<ul class=\"wp-block-list\">\n<li>Le Rondeau ;<\/li>\n\n\n\n<li>Col Basso (Les Muffatis) ;<\/li>\n\n\n\n<li>Capella Henri Dumont dirig\u00e9 par Vincent Gr\u00e9goire ;<\/li>\n\n\n\n<li>Canti Soavi dirig\u00e9 par David Gl\u00fcckmann.<\/li>\n<\/ul>\n\n\n\n<p>En tant que soliste elle se produit sous la baguette de Chefs tels que :<\/p>\n\n\n\n<ul class=\"wp-block-list\">\n<li>Pierre Bartholom\u00e9e,Patrick Baton &#8211; Orchestre Philharmonique de Li\u00e8ge ;<\/li>\n\n\n\n<li>Patrick Peire &#8211; Collegium Instrumentale Brugense ;<\/li>\n\n\n\n<li>La Chapelle de Lorraine ;<\/li>\n\n\n\n<li>Bo Holten &#8211; Brussels Philharmonic ;<\/li>\n\n\n\n<li>Pascal Peiffer &#8211; Euro Symphonic Orchestra ;<\/li>\n\n\n\n<li>Paul Dombrecht &#8211; Il Fondamento.<\/li>\n<\/ul>\n\n\n\n<p>En recitals, Els Crommen chante accompagn\u00e9e entre autre par Willy Appermont, Luc Ponet, Inge Spinette, Daniel Thonnard, Daniel Blumenthal ou encore Boyan Vodenicharov.<\/p>\n\n\n\n<p>Sa carri\u00e8re est parsem\u00e9e de nombreux enregistrements pour la VRT et la RTBF ainsi que d\u2019une solide discographie.<\/p>\n\n\n\n<p>En 2000, elle prend part au Concours Reine Elisabeth, session chant et l\u2019ann\u00e9e suivante est laur\u00e9ate des Auditions Erna-Spoorenberg (Hollande).<\/p>\n\n\n\n<p>Pendant 10 ans, Els Crommen fut membre du Ch\u0153ur de la Radio Flamande (VRK), sous la direction de Vic Nees et Johan Duyck. Maintenant, outre sa carri\u00e8re de soliste, elle enseigne le chant et la formation vocale au sein de l\u2019Acad\u00e9mie de Musique de Malmedy.<\/p>\n\n\n\n<p>Els Crommen dirige l\u2019ensemble vocal Alba Nova de Malmedy. Elle est aussi la fondatrice de l&rsquo;ensemble vocal \u00ab\u00a0Les Caramel&rsquo;s\u00a0\u00bb, dont <em>close harmony<\/em> est le but principal de la troupe. Font partie du groupe : Els Crommen, H\u00e9l\u00e8ne Thonnard, Martine M\u00e9dol et Carine Freches.<\/p>\n\n\n\n<p>Elle est r\u00e9guli\u00e8rement invit\u00e9e aux festivals :<\/p>\n\n\n\n<ul class=\"wp-block-list\">\n<li>Festival van Vlaanderen ;<\/li>\n\n\n\n<li>Festival de Wallonie ;<\/li>\n\n\n\n<li>Festival Bach de St Donat (France) ;<\/li>\n\n\n\n<li>Festival de Niort (France) ;<\/li>\n\n\n\n<li>Ostbelgien Festival ;<\/li>\n\n\n\n<li>Festival Ars Musica.<\/li>\n<\/ul>\n\n\n\n<p>Source : <a href=\"https:\/\/sites.google.com\/site\/elscrommen\/home\/cv-fr\">https:\/\/sites.google.com\/site\/elscrommen\/home\/cv-fr<\/a><\/p>\n ","protected":false},"excerpt":{"rendered":"<p>Els Crommen, soprano Els Crommen na\u00eet \u00e0 Tongres et grandit dans le village de Hoeselt. Apr\u00e8s ses humanit\u00e9s, elle \u00e9tudie au Conservatoire Royal de Musique de Li\u00e8ge aupr\u00e8s de Edith Cuypers, Raymonde Serverius, Greta de Reyghere et Jos\u00e9 Van Dam. Elle y obtient les dipl\u00f4mes de chant op\u00e9ra, chant m\u00e9lodie, solf\u00e8ge et musique de chambre. &#8230; <a title=\"Le parcours de la directrice\" class=\"read-more\" href=\"https:\/\/alba-nova.be\/index.php\/page-d-exemple\/c-v-directrice\/\" aria-label=\"En savoir plus sur Le parcours de la directrice\">Lire la suite<\/a><\/p>\n","protected":false},"author":1,"featured_media":0,"parent":2,"menu_order":0,"comment_status":"closed","ping_status":"closed","template":"","meta":{"sfsi_plus_gutenberg_text_before_share":"","sfsi_plus_gutenberg_show_text_before_share":"","sfsi_plus_gutenberg_icon_type":"","sfsi_plus_gutenberg_icon_alignemt":"","sfsi_plus_gutenburg_max_per_row":"","footnotes":""},"class_list":["post-21","page","type-page","status-publish"],"_links":{"self":[{"href":"https:\/\/alba-nova.be\/index.php\/wp-json\/wp\/v2\/pages\/21","targetHints":{"allow":["GET"]}}],"collection":[{"href":"https:\/\/alba-nova.be\/index.php\/wp-json\/wp\/v2\/pages"}],"about":[{"href":"https:\/\/alba-nova.be\/index.php\/wp-json\/wp\/v2\/types\/page"}],"author":[{"embeddable":true,"href":"https:\/\/alba-nova.be\/index.php\/wp-json\/wp\/v2\/users\/1"}],"replies":[{"embeddable":true,"href":"https:\/\/alba-nova.be\/index.php\/wp-json\/wp\/v2\/comments?post=21"}],"version-history":[{"count":7,"href":"https:\/\/alba-nova.be\/index.php\/wp-json\/wp\/v2\/pages\/21\/revisions"}],"predecessor-version":[{"id":330,"href":"https:\/\/alba-nova.be\/index.php\/wp-json\/wp\/v2\/pages\/21\/revisions\/330"}],"up":[{"embeddable":true,"href":"https:\/\/alba-nova.be\/index.php\/wp-json\/wp\/v2\/pages\/2"}],"wp:attachment":[{"href":"https:\/\/alba-nova.be\/index.php\/wp-json\/wp\/v2\/media?parent=21"}],"curies":[{"name":"wp","href":"https:\/\/api.w.org\/{rel}","templated":true}]}}

<div class="wp-block-image">
<figure class="alignleft size-large"><img loading="lazy" decoding="async" width="170" height="255" src="https://alba-nova.be/wp-content/uploads/2020/01/Els-Crommen.jpg" alt="" class="wp-image-44"/></figure></div>


<h3 class="wp-block-heading" id="h.p_ID_32">Els Crommen, soprano</h3>



<p>Els Crommen naît à Tongres et grandit dans le village de Hoeselt. Après ses humanités, elle étudie au Conservatoire Royal de Musique de Liège auprès de Edith Cuypers, Raymonde Serverius, Greta de Reyghere et José Van Dam. Elle y obtient les diplômes de chant opéra, chant mélodie, solfège et musique de chambre.</p>



<p>Elle poursuit ensuite sa formation en suivant des masterclasses avec Noel Barker, Marlène Malas et Mikael Eliasen. Plusieurs stages, entre autres au sein de la fondation Royaumont (France) et au Centre Européen pour l’Opera et l’art vocal (ECOV) complètent son parcours formatif.</p>



<p>Els Crommen défend avec bonheur tous les styles musicaux et collabore avec différents ensembles :</p>



<p>En musique contemporaine :</p>



<ul class="wp-block-list">
<li>L’ensemble Nahandove ;</li>



<li>L’ensemble Oxalys ;</li>



<li>Het Goeyvaerts-ensemble (Aquarius) dirigé par Marc Michael De Smet ;</li>



<li>L’ensemble 88 (Hollande) dirigé par Paul Pankert ;</li>



<li>L’ensemble Quartz.</li>
</ul>



<p>En musique baroque :</p>



<ul class="wp-block-list">
<li>Le Rondeau ;</li>



<li>Col Basso (Les Muffatis) ;</li>



<li>Capella Henri Dumont dirigé par Vincent Grégoire ;</li>



<li>Canti Soavi dirigé par David Glückmann.</li>
</ul>



<p>En tant que soliste elle se produit sous la baguette de Chefs tels que :</p>



<ul class="wp-block-list">
<li>Pierre Bartholomée,Patrick Baton &#8211; Orchestre Philharmonique de Liège ;</li>



<li>Patrick Peire &#8211; Collegium Instrumentale Brugense ;</li>



<li>La Chapelle de Lorraine ;</li>



<li>Bo Holten &#8211; Brussels Philharmonic ;</li>



<li>Pascal Peiffer &#8211; Euro Symphonic Orchestra ;</li>



<li>Paul Dombrecht &#8211; Il Fondamento.</li>
</ul>



<p>En recitals, Els Crommen chante accompagnée entre autre par Willy Appermont, Luc Ponet, Inge Spinette, Daniel Thonnard, Daniel Blumenthal ou encore Boyan Vodenicharov.</p>



<p>Sa carrière est parsemée de nombreux enregistrements pour la VRT et la RTBF ainsi que d’une solide discographie.</p>



<p>En 2000, elle prend part au Concours Reine Elisabeth, session chant et l’année suivante est lauréate des Auditions Erna-Spoorenberg (Hollande).</p>



<p>Pendant 10 ans, Els Crommen fut membre du Chœur de la Radio Flamande (VRK), sous la direction de Vic Nees et Johan Duyck. Maintenant, outre sa carrière de soliste, elle enseigne le chant et la formation vocale au sein de l’Académie de Musique de Malmedy.</p>



<p>Els Crommen dirige l’ensemble vocal Alba Nova de Malmedy. Elle est aussi la fondatrice de l&rsquo;ensemble vocal « Les Caramel&rsquo;s », dont <em>close harmony</em> est le but principal de la troupe. Font partie du groupe : Els Crommen, Hélène Thonnard, Martine Médol et Carine Freches.</p>



<p>Elle est régulièrement invitée aux festivals :</p>



<ul class="wp-block-list">
<li>Festival van Vlaanderen ;</li>



<li>Festival de Wallonie ;</li>



<li>Festival Bach de St Donat (France) ;</li>



<li>Festival de Niort (France) ;</li>



<li>Ostbelgien Festival ;</li>



<li>Festival Ars Musica.</li>
</ul>



<p>Source : <a href="https://sites.google.com/site/elscrommen/home/cv-fr">https://sites.google.com/site/elscrommen/home/cv-fr</a></p>

<p>Els Crommen, soprano Els Crommen naît à Tongres et grandit dans le village de Hoeselt. Après ses humanités, elle étudie au Conservatoire Royal de Musique de Liège auprès de Edith Cuypers, Raymonde Serverius, Greta de Reyghere et José Van Dam. Elle y obtient les diplômes de chant opéra, chant mélodie, solfège et musique de chambre. &#8230; <a title="Le parcours de la directrice" class="read-more" href="https://alba-nova.be/index.php/page-d-exemple/c-v-directrice/" aria-label="En savoir plus sur Le parcours de la directrice">Lire la suite</a></p>
