{"id":2,"date":"2020-01-14T18:02:19","date_gmt":"2020-01-14T17:02:19","guid":{"rendered":"http:\/\/alba-nova.be\/?page_id=2"},"modified":"2023-10-30T16:12:49","modified_gmt":"2023-10-30T15:12:49","slug":"page-d-exemple","status":"publish","type":"page","link":"https:\/\/alba-nova.be\/","title":{"rendered":"Pr\u00e9sentation"},"content":{"rendered":"\n<div class=\"wp-block-image\">\r\n<figure class=\"aligncenter size-large\"><a href=\"https:\/\/alba-nova.be\/index.php\/page-d-exemple\/postprod-28\/#main\"><img loading=\"lazy\" decoding=\"async\" class=\"wp-image-261 size-large aligncenter\" src=\"https:\/\/alba-nova.be\/wp-content\/uploads\/2023\/01\/Postprod-28-1024x683.jpg\" alt=\"\" width=\"1024\" height=\"683\" srcset=\"https:\/\/alba-nova.be\/wp-content\/uploads\/2023\/01\/Postprod-28-1024x683.jpg 1024w, https:\/\/alba-nova.be\/wp-content\/uploads\/2023\/01\/Postprod-28-300x200.jpg 300w, https:\/\/alba-nova.be\/wp-content\/uploads\/2023\/01\/Postprod-28-768x513.jpg 768w, https:\/\/alba-nova.be\/wp-content\/uploads\/2023\/01\/Postprod-28-1536x1025.jpg 1536w, https:\/\/alba-nova.be\/wp-content\/uploads\/2023\/01\/Postprod-28-2048x1367.jpg 2048w\" sizes=\"auto, (max-width: 1024px) 100vw, 1024px\" \/><\/a><\/figure>\r\n<\/div>\n\n\n\n<p><p>Dirig\u00e9 actuellement par <a href=\"https:\/\/alba-nova.be\/index.php\/page-d-exemple\/c-v-directrice\/\">Els Crommen<\/a>, professeure de chant \u00e0 l\u2019Acad\u00e9mie de Musique de Malmedy, Alba Nova, ensemble vocal mixte de la r\u00e9gion de Malmedy, a \u00e9t\u00e9 cr\u00e9\u00e9 en 2003. Alba Nova est <strong>membre des tourn\u00e9es \u00ab Art et Vie \u00bb<\/strong> de la Communaut\u00e9 fran\u00e7aise de Belgique et se veut<strong> innovateur <\/strong>en abordant tous types de musiques.<\/p> <p>L\u2019ensemble vocal Alba Nova r\u00e9unit une <a href=\"https:\/\/alba-nova.be\/index.php\/page-d-exemple\/membres\/\">trentaine de choristes<\/a> amateurs ayant une formation musicale et vocale. L\u2019<strong>effectif volontairement limit\u00e9<\/strong> du groupe permet une v\u00e9ritable recherche d\u2019une <strong>couleur homog\u00e8ne<\/strong> et d\u2019un son propre \u00e0 chaque ambiance musicale. Alba Nova s\u2019est donn\u00e9 comme objectifs la <strong>pr\u00e9sentation et la diffusion aupr\u00e8s du public d\u2019oeuvres vocales vari\u00e9es<\/strong>.<\/p> <p>Alba Nova fonctionne sur base de <strong>deux ou trois projets musicaux par an<\/strong>. L\u2019ensemble vocal participe \u00e0 <strong>deux s\u00e9minaires de chant par an<\/strong> et donne <strong>chaque ann\u00e9e entre 10 et 12 concerts<\/strong>.<\/p> <p><strong>En 2004<\/strong>, apr\u00e8s avoir cl\u00f4tur\u00e9 son projet Francis Poulenc, l\u2019ensemble vocal encha\u00eene avec un \u00ab Voyage dans le temps \u00bb, de Monteverdi \u00e0 nos jours, et enfin, par \u00ab No\u00ebls d\u2019ici et d\u2019ailleurs \u00bb. A l\u2019automne 2004, Alba Nova participe \u00e9galement avec succ\u00e8s \u00e0 une audition de classement APSAM et est retenu dans la cat\u00e9gorie \u00ab\u00a0Excellence\u00a0\u00bb au niveau \u00ab\u00a0amateurs\u00a0\u00bb.<\/p> <p><strong>En 2005<\/strong>, le projet \u00ab M\u00e9lodies d\u2019ici et d\u2019ailleurs \u00bb conna\u00eet un franc succ\u00e8s aupr\u00e8s du public, par exemple lors de concerts qui ont lieu dans la r\u00e9gion malm\u00e9dienne, mais aussi \u00e0 Namur, Bruxelles et la Chapelle Royale de Fischbach au Grand-Duch\u00e9 du Luxembourg.<\/p> <p><strong>En 2006<\/strong>, Alba Nova travaille un r\u00e9pertoire 100\u00a0% sud-am\u00e9ricain : la \u00ab\u00a0Misa Criolla\u00a0\u00bb d\u2019Ariel Ramirez ainsi que divers arrangements d\u2019Astor Piazzolla.<\/p> <p>En juillet 2006, Alba Nova effectue une <strong>tourn\u00e9e de chant <\/strong>d\u2019une semaine \u00e0 Bamberg, Bayreuth et Prague, en proposant un programme sud-am\u00e9ricain et anglais.<\/p> <p>D\u00e8s l\u2019automne, Els Crommen propose d\u2019aborder un r\u00e9pertoire romantique allemand. En septembre, Alba Nova invite un ch\u0153ur de chambre hollandais de la r\u00e9gion de \u2018s Hertogenbosch\u00a0: \u00ab\u00a0Mi Canto\u00a0\u00bb.\u00a0 Pour son concert traditionnel de No\u00ebl, Alba Nova re\u00e7oit \u00ab\u00a0Signum\u00a0\u00bb, ch\u0153ur provenant de Kortessem dans le Limbourg belge.<\/p> <p>Suite au succ\u00e8s remport\u00e9 par le programme latino, Alba Nova est tour \u00e0 tour invit\u00e9 \u00e0 Grevenmacher (Grand-Duch\u00e9 de Luxembourg) et \u00e0 Stavelot.\u00a0 Le Quatuor Lamina et le t\u00e9nor Alain Gabriel rehaussent de leur talent ces deux nouvelles repr\u00e9sentations en avril<strong> 2007.<\/strong><\/p> <p>En septembre, Alba Nova se rend, sur invitation de \u00ab\u00a0Mi Canto\u00a0\u00bb en Hollande pour donner un concert \u00e0 l\u2019Abbaye de Heeswijk.<\/p> <p>Enfin, Alba Nova cl\u00f4ture l\u2019ann\u00e9e 2007 en beaut\u00e9, par ses traditionnels concerts de No\u00ebl.\u00a0 Celui de Malmedy lui a permis d\u2019inviter l\u2019excellent ch\u0153ur de jeunes \u00ab\u00a0<a href=\"https:\/\/www.facebook.com\/DaCapo.be\/\">Da Capo<\/a>\u00ab\u00a0, dirig\u00e9 lui-aussi par Els Crommen.<\/p> <p>En avril <strong>2008<\/strong>, Alba Nova a pour objectif de promouvoir les auteurs belges de qualit\u00e9 et s\u2019associe avec les ensembles Carmina Viva de Saint-Vith et Musa Horti de Louvain, r\u00e9unissant ainsi symboliquement les trois communaut\u00e9s linguistiques.\u00a0 Ils donnent trois concerts (dans chaque communaut\u00e9) afin de faire d\u00e9couvrir, \u00e0 un public enthousiaste, une large palette de la musique belge.<\/p> <p><strong>En 2009<\/strong>, Alba Nova a eu la grande chance de travailler un r\u00e9pertoire \u00ab\u00a0Com\u00e9dies musicales\u00a0\u00bb avec l\u2019excellent Quatuor Lamina et de proposer ce concert \u00e0 sept reprises.<\/p> <p>Alba Nova a eu \u00e9galement le grand honneur d\u2019ouvrir le Festival de Stavelot par une \u00ab\u00a0Messe des Artistes\u00a0\u00bb en l\u2019\u00e9glise Saint S\u00e9bastien en ao\u00fbt 2009.<\/p> <p><strong>2010<\/strong> fut l\u2019ann\u00e9e des op\u00e9rettes. En association avec la chorale \u00ab\u00a0Aveland\u00a0\u00bb de Hoeselt, deux concerts intitul\u00e9s \u00ab\u00a0L\u2019op\u00e9rette vagabonde\u00a0\u00bb ont eu lieu \u00e0 Malmedy puis \u00e0 Tongres.<\/p> <p>Alba Nova a eu une seconde fois le plaisir d\u2019ouvrir le Festival de Stavelot par la Messe des Artistes (Messe d\u2019un compositeur de Stavelot\u00a0: Raymond Micha).<\/p> <p>Alba Nova a eu la joie de souffler ses dix premi\u00e8res bougies en 2013 et a notamment eu l\u2019honneur de se produire \u00e0 la Cath\u00e9drale de Cologne (2009 et 2014) et \u00e0 la Cath\u00e9drale Sts Michel et Gudule de Bruxelles (2016).<\/p> <p>En <strong>2018<\/strong>, dans le cadre des comm\u00e9morations de la fin de la premi\u00e8re guerre mondiale, l\u2019ensemble vocal, associ\u00e9 aux ensembles Carmina Viva, Zephyros et Kaleidoskop, plac\u00e9s sous la direction de Rainer Hilger, a eu la chance d\u2019interpr\u00e9ter le tr\u00e8s \u00e9mouvant \u00ab\u00a0The Armed Man \u2013 A Mass for Peace\u00a0\u00bb de Karl Jenkins.<\/p><\/p>\n\n\n\n<p>Et si vous \u00eates arriv\u00e9s jusqu&rsquo;ici dans votre lecture, vous avez probablement aussi un int\u00e9r\u00eat particulier pour notre r\u00e9pertoire actuel! Nous vous renvoyons vers notre<a href=\"https:\/\/alba-nova.be\/index.php\/agenda\/\"> agenda<\/a> pour d\u00e9couvrir notre travail depuis 2019 et surtout, notre <a href=\"https:\/\/alba-nova.be\/index.php\/agenda\/\">actualit\u00e9<\/a>. <\/p>\n\n\n\n<p>N&rsquo;h\u00e9sitez pas \u00e0 nous rejoindre pour un concert ou \u00e0 nous <a href=\"https:\/\/alba-nova.be\/index.php\/contacts\/\">contacter<\/a>! <\/p>\n ","protected":false},"excerpt":{"rendered":"<p>Dirig\u00e9 actuellement par Els Crommen, professeure de chant \u00e0 l\u2019Acad\u00e9mie de Musique de Malmedy, Alba Nova, ensemble vocal mixte de la r\u00e9gion de Malmedy, a \u00e9t\u00e9 cr\u00e9\u00e9 en 2003. Alba Nova est membre des tourn\u00e9es \u00ab Art et Vie \u00bb de la Communaut\u00e9 fran\u00e7aise de Belgique et se veut innovateur en abordant tous types de &#8230; <a title=\"Pr\u00e9sentation\" class=\"read-more\" href=\"https:\/\/alba-nova.be\/\" aria-label=\"En savoir plus sur Pr\u00e9sentation\">Lire la suite<\/a><\/p>\n","protected":false},"author":1,"featured_media":0,"parent":0,"menu_order":0,"comment_status":"closed","ping_status":"open","template":"","meta":{"sfsi_plus_gutenberg_text_before_share":"","sfsi_plus_gutenberg_show_text_before_share":"","sfsi_plus_gutenberg_icon_type":"","sfsi_plus_gutenberg_icon_alignemt":"","sfsi_plus_gutenburg_max_per_row":"","footnotes":""},"class_list":["post-2","page","type-page","status-publish"],"_links":{"self":[{"href":"https:\/\/alba-nova.be\/index.php\/wp-json\/wp\/v2\/pages\/2","targetHints":{"allow":["GET"]}}],"collection":[{"href":"https:\/\/alba-nova.be\/index.php\/wp-json\/wp\/v2\/pages"}],"about":[{"href":"https:\/\/alba-nova.be\/index.php\/wp-json\/wp\/v2\/types\/page"}],"author":[{"embeddable":true,"href":"https:\/\/alba-nova.be\/index.php\/wp-json\/wp\/v2\/users\/1"}],"replies":[{"embeddable":true,"href":"https:\/\/alba-nova.be\/index.php\/wp-json\/wp\/v2\/comments?post=2"}],"version-history":[{"count":6,"href":"https:\/\/alba-nova.be\/index.php\/wp-json\/wp\/v2\/pages\/2\/revisions"}],"predecessor-version":[{"id":304,"href":"https:\/\/alba-nova.be\/index.php\/wp-json\/wp\/v2\/pages\/2\/revisions\/304"}],"wp:attachment":[{"href":"https:\/\/alba-nova.be\/index.php\/wp-json\/wp\/v2\/media?parent=2"}],"curies":[{"name":"wp","href":"https:\/\/api.w.org\/{rel}","templated":true}]}}